se 2.
11
-4 (base 14) to base 12
-4
What is -8 (base 15) in base 13?
-8
-72 (base 11) to base 13
-61
What is 2 (base 11) in base 14?
2
What is -2 (base 13) in base 14?
-2
What is -2c (base 16) in base 12?
-38
What is -100 (base 4) in base 11?
-15
Convert -3 (base 5) to base 11.
-3
What is 2 (base 10) in base 15?
2
44 (base 14) to base 10
60
Convert -2 (base 3) to base 16.
-2
Convert 46 (base 14) to base 10.
62
Convert 1 (base 7) to base 14.
1
0 (base 8) to base 15
0
What is -113 (base 5) in base 12?
-29
Convert 1c (base 16) to base 10.
28
Convert 15 (base 10) to base 8.
17
What is -9 (base 15) in base 9?
-10
What is 4 (base 10) in base 16?
4
Convert -12 (base 10) to base 14.
-c
What is -4 (base 14) in base 3?
-11
5 (base 7) to base 9
5
Convert 34 (base 9) to base 15.
21
Convert -8 (base 9) to base 2.
-1000
3 (base 6) to base 9
3
-6 (base 15) to base 3
-20
Convert -1 (base 16) to base 10.
-1
What is -20 (base 3) in base 8?
-6
Convert 22 (base 3) to base 11.
8
Convert 0 (base 9) to base 12.
0
What is 1111 (base 2) in base 10?
15
Convert 4 (base 8) to base 6.
4
What is -2 (base 7) in base 3?
-2
Convert 22 (base 7) to base 2.
10000
Convert -31 (base 5) to base 15.
-11
11 (base 2) to base 3
10
Convert -c (base 15) to base 16.
-c
-15 (base 16) to base 6
-33
What is -1011 (base 3) in base 8?
-37
-20 (base 13) to base 16
-1a
Convert -80 (base 15) to base 7.
-231
Convert -24 (base 15) to base 7.
-46
-3 (base 10) to base 13
-3
What is b0 (base 16) in base 11?
150
What is 1000 (base 3) in base 4?
123
What is 2b (base 14) in base 11?
36
Convert 1 (base 16) to base 4.
1
-7 (base 14) to base 7
-10
Convert -3 (base 13) to base 11.
-3
Convert 10 (base 4) to base 3.
11
-1 (base 14) to base 16
-1
What is -34 (base 6) in base 9?
-24
Convert -1100 (base 2) to base 8.
-14
Convert 7 (base 14) to base 16.
7
Convert 9d (base 14) to base 2.
10001011
21 (base 8) to base 14
13
What is -2 (base 3) in base 14?
-2
What is 114 (base 7) in base 9?
66
Convert 10 (base 8) to base 2.
1000
What is 125 (base 13) in base 16?
c8
Convert 233 (base 4) to base 2.
101111
What is 10 (base 14) in base 9?
15
What is 154 (base 10) in base 9?
181
Convert -73 (base 10) to base 4.
-1021
2 (base 10) to base 9
2
Convert -11111 (base 2) to base 3.
-1011
Convert 91 (base 13) to base 2.
1110110
Convert -73 (base 10) to base 4.
-1021
-7 (base 12) to base 3
-21
Convert -100000 (base 2) to base 8.
-40
What is 1 (base 3) in base 5?
1
What is -85 (base 11) in base 5?
-333
Convert 2 (base 15) to base 12.
2
What is 56 (base 10) in base 6?
132
What is -8 (base 11) in base 5?
-13
What is -146 (base 11) in base 15?
-b6
Convert -21 (base 10) to base 4.
-111
Convert -45 (base 7) to base 16.
-21
-210 (base 7) to base 9
-126
Convert -22 (base 6) to base 14.
-10
Convert 2a (base 13) to base 2.
100100
-16 (base 16) to base 12
-1a
Convert 4 (base 10) to base 14.
4
Convert 3 (base 13) to base 6.
3
What is -74 (base 12) in base 2?
-1011000
-11 (base 9) to base 12
-a
1 (base 4) to base 6
1
What is 12 (base 7) in base 11?
9
Convert -38 (base 12) to base 15.
-2e
-10001 (base 2) to base 6
-25
6 (base 15) to base 13
6
Convert 109 (base 12) to base 15.
a3
What is 33 (base 8) in base 13?
21
-141 (base 5) to base 2
-101110
97 (base 13) to base 16
7c
What is -302 (base 4) in base 14?
-38
7 (base 8) to base 15
7
What is 450 (base 6) in base 2?
10101110
Convert -34 (base 10) to base 2.
-100010
a (base 14) to base 15
a
What is 16 (base 15) in base 4?
111
Convert 132 (base 5) to base 6.
110
-8 (base 9) to base 11
-8
Convert 1100111 (base 2) to base 8.
147
Convert 13 (base 9) to base 6.
20
-5 (base 14) to base 15
-5
-188 (base 11) to base 16
-d9
2 (base 10) to base 7
2
What is 161 (base 7) in base 13?
71
-2220 (base 3) to base 14
-58
Convert -1 (base 9) to base 5.
-1
Convert -1001 (base 2) to base 8.
-11
Convert -27 (base 8) to base 5.
-43
What is 20100 (base 3) in base 10?
171
3 (base 5) to base 9
3
-11101 (base 2) to base 16
-1d
Convert -102 (base 3) to base 6.
-15
Convert 2 (base 6) to base 12.
2
What is 233 (base 4) in base 14?
35
Convert 1 (base 2) to base 10.
1
What is -57 (base 8) in base 11?
-43
What is -3232 (base 4) in base 12?
-17a
What is -38 (base 11) in base 4?
-221
Convert 8 (base 10) to base 8.
10
What is -2 (base 15) in base 2?
-10
Convert 11 (base 6) to base 9.
7
103 (base 5) to base 8
34
Convert -111 (base 3) to base 11.
-12
Convert -9 (base 11) to base 2.
-1001
-10 (base 5) to base 13
-5
1 (base 7) to base 9
1
33 (base 16) to base 6
123
What is b (base 14) in base 12?
b
2213 (base 4) to base 7
326
What is -1110 (base 2) in base 10?
-14
Convert 1 (base 15) to base 9.
1
50 (base 13) to base 8
101
Convert 112 (base 5) to base 2.
100000
Convert -110 (base 4) to base 9.
-22
20 (base 5) to base 12
a
Convert 27 (base 9) to base 11.
23
-21 (base 3) to base 10
-7
Convert -243 (base 5) to base 3.
-2201
What is -11210 (base 3) in base 15?
-89
-4b (base 15) to base 16
-47
What is 5 (base 12) in base 5?
10
What is -5 (base 6) in base 15?
-5
10 (base 12) to base 3
110
What is -2 (base 5) in base 2?
-10
What is -1d (base 16) in base 12?
-25
Convert -30 (base 10) to base 4.
-132
Convert -3b (base 13) to base 2.
-110010
What is -172 (base 8) in base 9?
-145
What is -4 (base 14) in base 13?
-4
What is 164 (base 8) in base 7?
224
-2 (base 10) to base 9
-2
111 (base 3) to base 8
15
What is 14 (base 8) in base 13?
c
Convert -3 (base 11) to base 15.
-3
-2200 (base 3) to base 6
-200
Convert -100 (base 3) to base 12.
-9
Convert -10 (base 16) to base 11.
-15
-4 (base 9) to base 16
-4
-1 (base 8) to base 16
-1
-31 (base 16) to base 12
-41
What is -26 (base 12) in base 3?
-1010
Convert -166 (base 8) to base 16.
-76
Convert 350 (base 8) to base 4.
3220
What is 2b (base 13) in base 15?
27
What is 3 (base 16) in base 8?
3
20202 (base 3) to base 2
10110110
-1 (base 10) to base 7
-1
4 (base 16) to base 4
10
Convert 3 (base 6) to base 13.
3
Convert -20 (base 7) to base 16.
-e
-1 (base 12) to base 10
-1
What is bb (base 15) in base 2?
10110000
Convert 9 (base 16) to base 3.
100
-242 (base 5) to base 9
-80
Convert 231 (base 6) to base 13.
70
35 (base 8) to base 11
27
Convert b (base 12) to base 7.
14
-404 (base 5) to base 2
-1101000
219 (base 10) to base 3
22010
4 (base 12) to base 7
4
What is 22 (base 4) in base 6?
14
Convert 204 (base 5) to base 8.
66
-10 (base 12) to base 4
-30
What is -11 (base 13) in base 2?
-1110
0 (base 12) to base 2
0
Convert 0 (base 16) to base 2.
0
11 (base 4) to base 6
5
What is -16 (base 16) in base 8?
-26
525 (base 8) to base 12
245
Convert -a (base 13) to base 10.
-10
Convert 4 (base 13) to base 7.
4
What is -21 (base 5) in base 11?
-10
What is 20 (base 4) in base 3?
22
3201 (base 4) to base 3
22100
-1 (base 14) to base 3
-1
What is 101 (base 2) in base 3?
12
What is -10032 (base 4) in base 9?
-330
1021 (base 3) to base 6
54
6 (base 9) to base 13
6
1 (base 9) to base 6
1
-2 (base 8) to base 12
-2
-1 (base 16) to base 3
-1
Convert 2 (base 11) to base 8.
2
7 (base 10) to base 13
7
138 (base 12) to base 2
10111100
36 (base 14) to base 9
53
What is -62 (base 12) in base 14?
-54
Convert 5 (base 15) to base 14.
5
Convert 5 (base 13) to base 9.
5
-10100 (base 2) to base 4
-110
-110110 (base 2) to base 15
-39
Convert -21 (base 15) to base 4.
-133
1b (base 13) to base 11
22
-3 (base 7) to base 8
-3
-3101 (base 4) to base 6
-545
What is -44 (base 12) in base 2?
-110100
Convert 3 (base 9) to base 5.
3
What is -8 (base 12) in base 15?
-8
Convert -10 (base 6) to base 3.
-20
4 (base 5) to base 12
4
What is -12 (base 10) in base 11?
-11
Convert -224 (base 11) to base 16.
-10c
Convert 25 (base 6) to base 5.
32
Convert 0 (base 14) to base 13.
0
Convert -1 (base 3) to base 4.
-1
Convert -21 (base 6) to base 16.
-d
Convert 0 (base 2) to base 12.
0
223 (base 9) to base 8
267
Convert -3 (base 15) to base 8.
-3
1 (base 9) to base 13
1
-c (base 15) to base 2
-1100
What is 123 (base 7) in base 14?
4a
Convert 6 (base 7) to base 13.
6
What is 70 (base 12) in base 14?
60
Convert -3 (base 9) to base 10.
-3
14 (base 13) to base 4
101
Convert 2 (base 9) to base 15.
2
0 (base 10) to base 14
0
What is -3 (base 11) in base 13?
-3
Convert -5 (base 14) to base 9.
-5
What is -8 (base 15) in base 2?
-1000
What is -10 (base 16) in base 5?
-31
3 (